{"id":1134,"date":"2018-12-19T09:46:22","date_gmt":"2018-12-19T08:46:22","guid":{"rendered":"http:preview.ziegeler-solar.de\/?page_id=1134"},"modified":"2025-06-06T11:06:45","modified_gmt":"2025-06-06T09:06:45","slug":"startseite","status":"publish","type":"page","link":"https:\/\/ziegeler-solar.de\/","title":{"rendered":"Startseite"},"content":{"rendered":"<div   class='avia-fullscreen-slider main_color   avia-builder-el-0  el_before_av_hr  avia-builder-el-first  container_wrap fullsize'  >\n<style type=\"text\/css\" data-created_by=\"avia_inline_auto\" id=\"style-css-av-jq7v9kiw-dda8aca486b5d0a68ba970e2e9d1e3cb\">\n#top #wrap_all .avia-slideshow .av-slideshow-caption.av-jq7v9kiw-dda8aca486b5d0a68ba970e2e9d1e3cb__0 .avia-caption-title{\nfont-size:34px;\n}\n#top .avia-slideshow .av-slideshow-caption.av-jq7v9kiw-dda8aca486b5d0a68ba970e2e9d1e3cb__0 .avia-caption-content{\nfont-size:20px;\n}\n#top .avia-slideshow .av-slideshow-caption.av-jq7v9kiw-dda8aca486b5d0a68ba970e2e9d1e3cb__0 .avia-caption-content p{\nfont-size:20px;\n}\n#top #wrap_all .avia-slideshow .av-slideshow-caption.av-jq7v9kiw-dda8aca486b5d0a68ba970e2e9d1e3cb__1 .avia-caption-title{\nfont-size:34px;\n}\n#top .avia-slideshow .av-slideshow-caption.av-jq7v9kiw-dda8aca486b5d0a68ba970e2e9d1e3cb__1 .avia-caption-content{\nfont-size:20px;\n}\n#top .avia-slideshow .av-slideshow-caption.av-jq7v9kiw-dda8aca486b5d0a68ba970e2e9d1e3cb__1 .avia-caption-content p{\nfont-size:20px;\n}\n<\/style>\n<a href='#next-section' title='' class='scroll-down-link av-control-default avia-svg-icon avia-font-svg_entypo-fontello' data-av_svg_icon='down-open-mini' data-av_iconset='svg_entypo-fontello'><svg version=\"1.1\" xmlns=\"http:\/\/www.w3.org\/2000\/svg\" width=\"15\" height=\"32\" viewBox=\"0 0 15 32\" preserveAspectRatio=\"xMidYMid meet\" aria-labelledby='av-svg-title-1' aria-describedby='av-svg-desc-1' role=\"graphics-symbol\" aria-hidden=\"true\">\n<title id='av-svg-title-1'>Scroll to next section<\/title>\n<desc id='av-svg-desc-1'>Scroll to next section<\/desc>\n<path d=\"M12.96 12.16q0.704-0.832 1.536 0 0.832 0.704 0 1.536l-6.272 6.144q-0.704 0.704-1.536 0l-6.272-6.144q-0.832-0.832 0-1.536 0.768-0.768 1.6 0l5.44 4.992z\"><\/path>\n<\/svg><\/a><div  class='avia-slideshow av-jq7v9kiw-dda8aca486b5d0a68ba970e2e9d1e3cb avia-slideshow-large av_fullscreen avia-fade-slider av-slideshow-ui av-control-default av-slideshow-autoplay av-loop-endless av-loop-manual-endless av-slider-scroll-down-active av-default-height-applied   avia-slideshow-1' data-slideshow-options=\"{&quot;animation&quot;:&quot;fade&quot;,&quot;autoplay&quot;:true,&quot;loop_autoplay&quot;:&quot;endless&quot;,&quot;interval&quot;:7,&quot;loop_manual&quot;:&quot;manual-endless&quot;,&quot;autoplay_stopper&quot;:false,&quot;noNavigation&quot;:false,&quot;bg_slider&quot;:true,&quot;keep_padding&quot;:false,&quot;hoverpause&quot;:false,&quot;show_slide_delay&quot;:0,&quot;slide_height&quot;:&quot;100&quot;,&quot;image_attachment&quot;:&quot;&quot;}\"  itemprop=\"image\" itemscope=\"itemscope\" itemtype=\"https:\/\/schema.org\/ImageObject\" ><ul class='avia-slideshow-inner ' style='padding-bottom: 66.699029126214%;'><li style='background-position:top right;' data-img-url='https:\/\/ziegeler-solar.de\/wp-content\/uploads\/2019\/01\/rawpixel-683571-unsplash-1030x687.jpg' class='avia-slideshow-slide av-jq7v9kiw-dda8aca486b5d0a68ba970e2e9d1e3cb__0  slide-1 slide-odd'><div data-rel='slideshow-1' class='avia-slide-wrap '   ><div class='av-slideshow-caption av-jq7v9kiw-dda8aca486b5d0a68ba970e2e9d1e3cb__0 caption_fullwidth caption_right caption_right_framed caption_framed'><div class=\"container caption_container\"><div class=\"slideshow_caption\"><div class=\"slideshow_inner_caption\"><div class=\"slideshow_align_caption\"><h2 class='avia-caption-title '  itemprop=\"name\" >Ein starkes Team<\/h2><div class='avia-caption-content '  itemprop=\"description\" ><p>Ihr Produkt ist eine Teamleistung<\/p>\n<\/div><a href='https:\/\/ziegeler-solar.de\/index.php\/ueber-uns\/'  class='avia-slideshow-button avia-button avia-color-theme-color ' data-duration='800' data-easing='easeInOutQuad'>Erfahren sie mehr \u00dcber Uns<\/a><\/div><\/div><\/div><\/div><\/div><\/div><\/li><\/ul><\/div><\/div><div id='after_full_slider_1'  class='main_color av_default_container_wrap container_wrap fullsize'  ><div class='container av-section-cont-open' ><div class='template-page content  av-content-full alpha units'><div class='post-entry post-entry-type-page post-entry-1134'><div class='entry-content-wrapper clearfix'>\n\n<style type=\"text\/css\" data-created_by=\"avia_inline_auto\" id=\"style-css-av-jqgdq8qu-f40658ee127eba2fb081efb1a63836dc\">\n#top .hr.hr-invisible.av-jqgdq8qu-f40658ee127eba2fb081efb1a63836dc{\nheight:50px;\n}\n<\/style>\n<div  class='hr av-jqgdq8qu-f40658ee127eba2fb081efb1a63836dc hr-invisible  avia-builder-el-1  el_after_av_fullscreen  el_before_av_two_third  avia-builder-el-first  av-small-hide av-mini-hide'><span class='hr-inner '><span class=\"hr-inner-style\"><\/span><\/span><\/div>\n\n<style type=\"text\/css\" data-created_by=\"avia_inline_auto\" id=\"style-css-av-2ftglq-c7b63c601d99014f0a3843e5ee17b63b\">\n.flex_column.av-2ftglq-c7b63c601d99014f0a3843e5ee17b63b{\nborder-radius:0px 0px 0px 0px;\npadding:0px 0px 0px 0px;\n}\n<\/style>\n<div  class='flex_column av-2ftglq-c7b63c601d99014f0a3843e5ee17b63b av_two_third  avia-builder-el-2  el_after_av_hr  el_before_av_one_third  mainPageTextAndTimeline first flex_column_div av-zero-column-padding  '     ><style type=\"text\/css\" data-created_by=\"avia_inline_auto\" id=\"style-css-av-jq7un1hu-3de6f1077856bbed3e7f42c179b4bb90\">\n#top .av_textblock_section.av-jq7un1hu-3de6f1077856bbed3e7f42c179b4bb90 .avia_textblock{\ncolor:#000000;\n}\n<\/style>\n<section  class='av_textblock_section av-jq7un1hu-3de6f1077856bbed3e7f42c179b4bb90 '   itemscope=\"itemscope\" itemtype=\"https:\/\/schema.org\/CreativeWork\" ><div class='avia_textblock av_inherit_color'  itemprop=\"text\" ><p>ZIEGELER Solar+Haustechnik ist Ihr innovativer Fachhandwerker f\u00fcr Sanit\u00e4r-, Heizung- und Klimatechnik in der Region Braunschweig, Salzgitter, Peine und Umgebung.<\/p>\n<p>Wir arbeiten f\u00fcr Sie mit dem Anspruch, Ihre Vorstellungen und Erwartungen zuverl\u00e4ssig, termingerecht und auf hohem Qualit\u00e4tsniveau zu erf\u00fcllen. Fachkundige Beratung, Einbau, Wartung und Reparatur zum fairen Preis sind f\u00fcr uns selbstverst\u00e4ndlich.<\/p>\n<p><a href=\"https:\/\/www.instagram.com\/ziegeler_solar_haustechnik\/\">Besuchen Sie uns auch auf Instagram<\/a><\/p>\n<\/div><\/section><\/div>\n\n<style type=\"text\/css\" data-created_by=\"avia_inline_auto\" id=\"style-css-av-2ftglq-6114d51f259da604c35c8a67894359c3\">\n.flex_column.av-2ftglq-6114d51f259da604c35c8a67894359c3{\nborder-radius:0px 0px 0px 0px;\npadding:0px 0px 0px 0px;\n}\n<\/style>\n<div  class='flex_column av-2ftglq-6114d51f259da604c35c8a67894359c3 av_one_third  avia-builder-el-4  el_after_av_two_third  el_before_av_hr  mainPageTextAndTimeline flex_column_div av-zero-column-padding  '     ><article  class='iconbox iconbox_top av-l84cgda1-f528d634f0e1891df616731d60e462e8  avia-builder-el-5  avia-builder-el-no-sibling  main_color'  itemscope=\"itemscope\" itemtype=\"https:\/\/schema.org\/CreativeWork\" ><div class=\"iconbox_content\"><header class=\"entry-content-header\" aria-label=\"Icon: &lt;span style=&quot;text-transform: none;&quot;&gt;\u00d6FFNUNGSZEITEN&lt;\/span&gt;\"><div class='iconbox_icon heading-color avia-iconfont avia-font-entypo-fontello' data-av_icon='\ue862' data-av_iconfont='entypo-fontello'  ><\/div><h3 class='iconbox_content_title '  itemprop=\"headline\" ><span style=\"text-transform: none;\">\u00d6FFNUNGSZEITEN<\/span><\/h3><\/header><div class='iconbox_content_container '  itemprop=\"text\" ><p style=\"text-align: left;\">Mo, Di, Do<span style=\"float: right;\">08:00 &#8211; 15:00 Uhr<\/span><\/p>\n<p style=\"text-align: left;\">Mi, Fr<span style=\"float: right;\">08:00 &#8211; 12:00 Uhr<\/span><\/p>\n<\/div><\/div><footer class=\"entry-footer\"><\/footer><\/article><\/div>\n\n<style type=\"text\/css\" data-created_by=\"avia_inline_auto\" id=\"style-css-av-kmg7fpgh-6c45bdb2df69b5be282053550cf3eab5\">\n#top .hr.hr-invisible.av-kmg7fpgh-6c45bdb2df69b5be282053550cf3eab5{\nheight:20px;\n}\n<\/style>\n<div  class='hr av-kmg7fpgh-6c45bdb2df69b5be282053550cf3eab5 hr-invisible  avia-builder-el-6  el_after_av_one_third  el_before_av_hr '><span class='hr-inner '><span class=\"hr-inner-style\"><\/span><\/span><\/div>\n\n<style type=\"text\/css\" data-created_by=\"avia_inline_auto\" id=\"style-css-av-kmg7fpgh-ce3da91ab01b6f4bd33cbea670bcc256\">\n#top .hr.hr-invisible.av-kmg7fpgh-ce3da91ab01b6f4bd33cbea670bcc256{\nheight:100px;\n}\n<\/style>\n<div  class='hr av-kmg7fpgh-ce3da91ab01b6f4bd33cbea670bcc256 hr-invisible  avia-builder-el-7  el_after_av_hr  avia-builder-el-last '><span class='hr-inner '><span class=\"hr-inner-style\"><\/span><\/span><\/div>\n","protected":false},"excerpt":{"rendered":"","protected":false},"author":1,"featured_media":0,"parent":0,"menu_order":0,"comment_status":"closed","ping_status":"closed","template":"","meta":{"footnotes":""},"class_list":["post-1134","page","type-page","status-publish","hentry"],"_links":{"self":[{"href":"https:\/\/ziegeler-solar.de\/index.php\/wp-json\/wp\/v2\/pages\/1134","targetHints":{"allow":["GET"]}}],"collection":[{"href":"https:\/\/ziegeler-solar.de\/index.php\/wp-json\/wp\/v2\/pages"}],"about":[{"href":"https:\/\/ziegeler-solar.de\/index.php\/wp-json\/wp\/v2\/types\/page"}],"author":[{"embeddable":true,"href":"https:\/\/ziegeler-solar.de\/index.php\/wp-json\/wp\/v2\/users\/1"}],"replies":[{"embeddable":true,"href":"https:\/\/ziegeler-solar.de\/index.php\/wp-json\/wp\/v2\/comments?post=1134"}],"version-history":[{"count":160,"href":"https:\/\/ziegeler-solar.de\/index.php\/wp-json\/wp\/v2\/pages\/1134\/revisions"}],"predecessor-version":[{"id":4013,"href":"https:\/\/ziegeler-solar.de\/index.php\/wp-json\/wp\/v2\/pages\/1134\/revisions\/4013"}],"wp:attachment":[{"href":"https:\/\/ziegeler-solar.de\/index.php\/wp-json\/wp\/v2\/media?parent=1134"}],"curies":[{"name":"wp","href":"https:\/\/api.w.org\/{rel}","templated":true}]}}