{"id":1228,"date":"2018-12-19T11:14:42","date_gmt":"2018-12-19T10:14:42","guid":{"rendered":"http:preview.ziegeler-solar.de\/?page_id=1228"},"modified":"2024-09-30T10:21:50","modified_gmt":"2024-09-30T08:21:50","slug":"kontakt","status":"publish","type":"page","link":"https:\/\/ziegeler-solar.de\/index.php\/kontakt\/","title":{"rendered":"Kontakt"},"content":{"rendered":"\n\n\n<style type=\"text\/css\" data-created_by=\"avia_inline_auto\" id=\"style-css-av-jpv54c0v-2891f5a1142c031df8b680450ba11560\">\n#top .hr.hr-invisible.av-jpv54c0v-2891f5a1142c031df8b680450ba11560{\nheight:100px;\n}\n<\/style>\n<div  class='hr av-jpv54c0v-2891f5a1142c031df8b680450ba11560 hr-invisible  avia-builder-el-2  el_after_av_codeblock  el_before_av_one_full '><span class='hr-inner '><span class=\"hr-inner-style\"><\/span><\/span><\/div>\n\n<style type=\"text\/css\" data-created_by=\"avia_inline_auto\" id=\"style-css-av-z3s7i3-c25e1011600b5d8c0623a1178e98dc59\">\n.flex_column.av-z3s7i3-c25e1011600b5d8c0623a1178e98dc59{\nborder-radius:0px 0px 0px 0px;\npadding:0px 0px 0px 0px;\n}\n<\/style>\n<div  class='flex_column av-z3s7i3-c25e1011600b5d8c0623a1178e98dc59 av_one_full  avia-builder-el-3  el_after_av_hr  el_before_av_hr  first flex_column_div av-zero-column-padding  '     ><style type=\"text\/css\" data-created_by=\"avia_inline_auto\" id=\"style-css-av-2aoa0c-a0335970046e141a52e9537a5e783775\">\n#top .av-special-heading.av-2aoa0c-a0335970046e141a52e9537a5e783775{\npadding-bottom:10px;\n}\nbody .av-special-heading.av-2aoa0c-a0335970046e141a52e9537a5e783775 .av-special-heading-tag .heading-char{\nfont-size:25px;\n}\n.av-special-heading.av-2aoa0c-a0335970046e141a52e9537a5e783775 .av-subheading{\nfont-size:15px;\n}\n<\/style>\n<div  class='av-special-heading av-2aoa0c-a0335970046e141a52e9537a5e783775 av-special-heading-h1 blockquote modern-quote  avia-builder-el-4  avia-builder-el-no-sibling  av-small-hide av-mini-hide'><h1 class='av-special-heading-tag '  itemprop=\"headline\"  >Nehmen Sie Kontakt mit uns auf!<\/h1><div class=\"special-heading-border\"><div class=\"special-heading-inner-border\"><\/div><\/div><\/div><\/div>\n\n<style type=\"text\/css\" data-created_by=\"avia_inline_auto\" id=\"style-css-av-jpv54c0v-525310ca63b8af13a15340b262117a7a\">\n#top .hr.hr-invisible.av-jpv54c0v-525310ca63b8af13a15340b262117a7a{\nmargin-top:-25px;\nheight:1px;\n}\n<\/style>\n<div  class='hr av-jpv54c0v-525310ca63b8af13a15340b262117a7a hr-invisible  avia-builder-el-5  el_after_av_one_full  el_before_av_two_third '><span class='hr-inner '><span class=\"hr-inner-style\"><\/span><\/span><\/div>\n\n<style type=\"text\/css\" data-created_by=\"avia_inline_auto\" id=\"style-css-av-4qicvw-c631baeae516330acc8cb841132dd519\">\n.flex_column.av-4qicvw-c631baeae516330acc8cb841132dd519{\nborder-radius:0px 0px 0px 0px;\npadding:0px 0px 0px 0px;\n}\n<\/style>\n<div  class='flex_column av-4qicvw-c631baeae516330acc8cb841132dd519 av_two_third  avia-builder-el-6  el_after_av_hr  el_before_av_one_third  first av-break-at-tablet flex_column_div av-zero-column-padding  '     ><p><section  class='av_textblock_section av-jpv5avvj-b6415020a146ecfe8ea1231a065943ad '   itemscope=\"itemscope\" itemtype=\"https:\/\/schema.org\/CreativeWork\" ><div class='avia_textblock'  itemprop=\"text\" ><p><strong style=\"color: grey;\">ZIEGELER Solar+Haustechnik GmbH<\/strong><br \/>\nGesch\u00e4ftsf\u00fchrung : Mike Schn\u00e4delbach<\/p>\n<p>Vechelder Stra\u00dfe 19<br \/>\n38268 Lengede OT Broistedt<br \/>\nDeutschland<\/p>\n<p><span style=\"font-weight: 600; color: #4d5150;\">Telefon:<\/span><span style=\"margin-left: 10px;\"><a href=\"tel:+495344250400\">(05344) 250 400<\/a><\/span><br \/>\n<span style=\"font-weight: 600; color: #4d5150;\">Telefax:<\/span><span style=\"margin-left: 12px;\">(05344) 2504044<\/span><\/p>\n<p><span style=\"font-weight: 600; color: #4d5150;\">E-Mail:<\/span><span style=\"margin-left: 20px;\"><a title=\"info@ziegeler-solar.de\" href=\"mailto:info@ziegeler-solar.de\">info@ziegeler-solar.de<\/a><\/span><br \/>\n<span style=\"font-weight: 600; color: #4d5150;\">Internet:<\/span><span style=\"margin-left: 10px;\"><a href=\"https:\/\/ziegeler-solar.de\">www.ziegeler-solar.de<\/a><\/span><\/p>\n<\/div><\/section><br \/>\n\n<style type=\"text\/css\" data-created_by=\"avia_inline_auto\" id=\"style-css-av-jpv54c0v-dbd54b27b92f3a61729bc8ba5b137879\">\n#top .hr.hr-invisible.av-jpv54c0v-dbd54b27b92f3a61729bc8ba5b137879{\nheight:20px;\n}\n<\/style>\n<div  class='hr av-jpv54c0v-dbd54b27b92f3a61729bc8ba5b137879 hr-invisible  avia-builder-el-8  el_after_av_textblock  el_before_av_textblock '><span class='hr-inner '><span class=\"hr-inner-style\"><\/span><\/span><\/div><br \/>\n<section  class='av_textblock_section av-jpv5avvj-b6415020a146ecfe8ea1231a065943ad '   itemscope=\"itemscope\" itemtype=\"https:\/\/schema.org\/CreativeWork\" ><div class='avia_textblock'  itemprop=\"text\" ><h4>Unsere \u00d6ffnungszeiten<\/h4>\n<p><span style=\"font-weight: 600; color: #4d5150;\">Mo, Di, Do<\/span><span style=\"margin-left: 30px;\">08:00 &#8211; 15:00 Uhr<\/span><br \/>\n<span style=\"font-weight: 600; color: #4d5150;\">Mi, Fr<\/span><span style=\"margin-left: 63px;\">08:00 &#8211; 12:00 Uhr<\/span><\/p>\n<\/div><\/section><br \/>\n\n<style type=\"text\/css\" data-created_by=\"avia_inline_auto\" id=\"style-css-av-jpv54c0v-589e2684b34aeaebd2f320b88176aaee\">\n#top .hr.hr-invisible.av-jpv54c0v-589e2684b34aeaebd2f320b88176aaee{\nheight:60px;\n}\n<\/style>\n<div  class='hr av-jpv54c0v-589e2684b34aeaebd2f320b88176aaee hr-invisible  avia-builder-el-10  el_after_av_textblock  el_before_av_textblock '><span class='hr-inner '><span class=\"hr-inner-style\"><\/span><\/span><\/div><br \/>\n<section  class='av_textblock_section av-jpv5avvj-b4e7a15b644c87b0146eecabc1fe4c0c '   itemscope=\"itemscope\" itemtype=\"https:\/\/schema.org\/CreativeWork\" ><div class='avia_textblock'  itemprop=\"text\" ><h3>Unser Notdienst<\/h3>\n<p><span style=\"font-weight: 600; color: #4d5150;\">Telefon:<\/span><span style=\"margin-left: 10px;\"><a href=\"tel:+4915142630616\">(01514) 26 306 16<\/a><\/span><\/p>\n<p>Sie erreichen Ihn zu folgenden Zeiten:<\/p>\n<p><span style=\"font-weight: 600; color: #4d5150;\">Mo &#8211; Fr<\/span> <span style=\"margin-left: 110px;\">16:00 &#8211; 20:00 Uhr<\/span><br \/>\n<span style=\"font-weight: 600; color: #4d5150;\">Sa, So und Feiertags<\/span> <span style=\"margin-left: 20px;\">10:00 &#8211; 16:00 Uhr<\/span><\/p>\n<p>Dabei fallen folgende Kosten an (<em>ausgenommen Wartungsvertr\u00e4ge mit beinhaltender Notdienstpauschale<\/em>):<\/p>\n<p><span style=\"font-weight: 600; color: #4d5150;\">Einsatzpauschale (pro Anfahrt)<\/span> <span style=\"margin-left: 32px;\">250,00 \u20ac<\/span><br \/>\n<span style=\"font-weight: 600; color: #4d5150;\">Telefonische Beratung\/St\u00f6rhilfe<\/span> <span style=\"margin-left: 20px;\">einmalig 50,00 \u20ac<\/span><\/p>\n<\/div><\/section><\/p><\/div>\n<style type=\"text\/css\" data-created_by=\"avia_inline_auto\" id=\"style-css-av-2uz5qk-c5e48a5aa9b2da68b324759085219b6b\">\n.flex_column.av-2uz5qk-c5e48a5aa9b2da68b324759085219b6b{\nborder-radius:0px 0px 0px 0px;\npadding:0px 0px 0px 0px;\n}\n<\/style>\n<div  class='flex_column av-2uz5qk-c5e48a5aa9b2da68b324759085219b6b av_one_third  avia-builder-el-12  el_after_av_two_third  el_before_av_hr  av-break-at-tablet flex_column_div av-zero-column-padding  '     ><form action=\"https:\/\/ziegeler-solar.de\/index.php\/kontakt\/\" method=\"post\" data-fields-with-error=\"Fehler wurden in folgenden Feld(ern) gefunden:\" class=\"avia_ajax_form av-form-labels-visible   avia-builder-el-13  avia-builder-el-no-sibling   \" data-avia-form-id=\"1\" data-avia-redirect='' ><fieldset><p class='  first_form  form_element form_fullwidth' id='element_avia_1_1'><label for=\"avia_1_1\">Name <abbr class=\"required\" title=\"ben\u00f6tigt\">*<\/abbr><\/label> <input name=\"avia_1_1\" class=\"text_input is_empty\" type=\"text\" id=\"avia_1_1\" value=\"\" \/><\/p><p class='  first_form  form_element form_fullwidth' id='element_avia_2_1'><label for=\"avia_2_1\">E-Mail <abbr class=\"required\" title=\"ben\u00f6tigt\">*<\/abbr><\/label> <input name=\"avia_2_1\" class=\"text_input is_email\" type=\"text\" id=\"avia_2_1\" value=\"\" \/><\/p><p class='  first_form  form_element form_fullwidth' id='element_avia_3_1'><label for=\"avia_3_1\">Telefonnummer <abbr class=\"required\" title=\"ben\u00f6tigt\">*<\/abbr><\/label> <input name=\"avia_3_1\" class=\"text_input is_phone\" type=\"text\" id=\"avia_3_1\" value=\"\" \/><\/p><p class='  first_form  form_element form_fullwidth' id='element_avia_4_1'><label for=\"avia_4_1\">Betreff <abbr class=\"required\" title=\"ben\u00f6tigt\">*<\/abbr><\/label> <input name=\"avia_4_1\" class=\"text_input is_empty\" type=\"text\" id=\"avia_4_1\" value=\"\" \/><\/p><p class='  first_form  form_element form_fullwidth' id='element_avia_5_1'><label for=\"avia_5_1\" class=\"textare_label hidden textare_label_avia_5_1\">Nachricht <abbr class=\"required\" title=\"ben\u00f6tigt\">*<\/abbr><\/label><textarea  name=\"avia_5_1\" class=\"text_area is_empty\" cols=\"40\" rows=\"7\" id=\"avia_5_1\" ><\/textarea><\/p><p class='  first_form  form_element form_fullwidth' id='element_avia_6_1'><input  name=\"avia_6_1\" class=\"input_checkbox is_empty\" type=\"checkbox\" id=\"avia_6_1\" value=\"true\"\/><label class=\"input_checkbox_label\" for=\"avia_6_1\">Ich habe die <a href=\"http:preview.ziegeler-solar.de\/?page_id=3\">Datenschutzerkl\u00e4rung<\/a> gelesen und stimme der Verwendung meiner Daten zu. <abbr class=\"required\" title=\"ben\u00f6tigt\">*<\/abbr><\/label><\/p><p class=\"hidden\"><input type=\"text\" name=\"avia_7_1\" class=\"hidden \" id=\"avia_7_1\" value=\"\" \/><\/p><p class='   form_element form_fullwidth' id='element_avia_8_1'><span class='value_verifier_label'>1 + 0 = ?<\/span><input name=\"avia_8_1_verifier\" type=\"hidden\" id=\"avia_8_1_verifier\" value=\"571377782\"\/><label for=\"avia_8_1\">Bitte l\u00f6se die Gleichung. Diese Ma\u00dfnahme dient der Abwehr von Spam <abbr class=\"required\" title=\"ben\u00f6tigt\">*<\/abbr><\/label><input name=\"avia_8_1\" class=\"text_input captcha\" type=\"text\" id=\"avia_8_1\" value=\"\"\/><\/p><p class=\"form_element \"><input type=\"hidden\" value=\"1\" name=\"avia_generated_form1\" \/><input type=\"submit\" value=\"Senden\" class=\"button\"  data-sending-label=\"Sende\"\/><\/p><\/fieldset><\/form><div id=\"ajaxresponse_1\" class=\"ajaxresponse ajaxresponse_1 hidden\"><\/div><\/div><\/p>\n\n<style type=\"text\/css\" data-created_by=\"avia_inline_auto\" id=\"style-css-av-jpv5mr82-6f87d9d8f8c41b384d1b863d349b5240\">\n#top .hr.hr-invisible.av-jpv5mr82-6f87d9d8f8c41b384d1b863d349b5240{\nheight:75px;\n}\n<\/style>\n<div  class='hr av-jpv5mr82-6f87d9d8f8c41b384d1b863d349b5240 hr-invisible  avia-builder-el-14  el_after_av_one_third  avia-builder-el-last '><span class='hr-inner '><span class=\"hr-inner-style\"><\/span><\/span><\/div>\n","protected":false},"excerpt":{"rendered":"","protected":false},"author":1,"featured_media":0,"parent":0,"menu_order":0,"comment_status":"closed","ping_status":"closed","template":"","meta":{"footnotes":""},"class_list":["post-1228","page","type-page","status-publish","hentry"],"_links":{"self":[{"href":"https:\/\/ziegeler-solar.de\/index.php\/wp-json\/wp\/v2\/pages\/1228","targetHints":{"allow":["GET"]}}],"collection":[{"href":"https:\/\/ziegeler-solar.de\/index.php\/wp-json\/wp\/v2\/pages"}],"about":[{"href":"https:\/\/ziegeler-solar.de\/index.php\/wp-json\/wp\/v2\/types\/page"}],"author":[{"embeddable":true,"href":"https:\/\/ziegeler-solar.de\/index.php\/wp-json\/wp\/v2\/users\/1"}],"replies":[{"embeddable":true,"href":"https:\/\/ziegeler-solar.de\/index.php\/wp-json\/wp\/v2\/comments?post=1228"}],"version-history":[{"count":20,"href":"https:\/\/ziegeler-solar.de\/index.php\/wp-json\/wp\/v2\/pages\/1228\/revisions"}],"predecessor-version":[{"id":4001,"href":"https:\/\/ziegeler-solar.de\/index.php\/wp-json\/wp\/v2\/pages\/1228\/revisions\/4001"}],"wp:attachment":[{"href":"https:\/\/ziegeler-solar.de\/index.php\/wp-json\/wp\/v2\/media?parent=1228"}],"curies":[{"name":"wp","href":"https:\/\/api.w.org\/{rel}","templated":true}]}}