{"id":3747,"date":"2021-03-19T09:35:30","date_gmt":"2021-03-19T08:35:30","guid":{"rendered":"https:\/\/ziegeler-solar.de\/\/?page_id=3747"},"modified":"2021-03-19T09:35:30","modified_gmt":"2021-03-19T08:35:30","slug":"heizkoerper-kleinere-sanierungsarbeiten","status":"publish","type":"page","link":"https:\/\/ziegeler-solar.de\/index.php\/heizkoerper-kleinere-sanierungsarbeiten\/","title":{"rendered":"Heizk\u00f6rper\/kleinere Sanierungsarbeiten"},"content":{"rendered":"\n<style type=\"text\/css\" data-created_by=\"avia_inline_auto\" id=\"style-css-av-jq7vwz88-2c6b9eefa482fd90b6912388f5f90210\">\n.avia-section.av-jq7vwz88-2c6b9eefa482fd90b6912388f5f90210 .av-parallax .av-parallax-inner{\nbackground-repeat:no-repeat;\nbackground-image:url(https:\/\/ziegeler-solar.de\/wp-content\/uploads\/2019\/01\/elcore-solvis.jpg);\nbackground-position:50% 50%;\nbackground-attachment:scroll;\n}\n<\/style>\n<div id='av_section_1'  class='avia-section av-jq7vwz88-2c6b9eefa482fd90b6912388f5f90210 main_color avia-section-no-padding avia-no-border-styling  avia-builder-el-0  el_before_av_section  avia-builder-el-first  av-medium-hide av-small-hide av-mini-hide av-parallax-section avia-bg-style-parallax av-minimum-height av-minimum-height-custom av-height-custom  container_wrap fullsize'  data-section-bg-repeat='no-repeat' data-av_minimum_height_px='600'><div class='av-parallax' data-avia-parallax-ratio='0.3' ><div class='av-parallax-inner main_color avia-full-stretch'><\/div><\/div><div class='container av-section-cont-open' style='height:600px'><main  role=\"main\" itemprop=\"mainContentOfPage\"  class='template-page content  av-content-full alpha units'><div class='post-entry post-entry-type-page post-entry-3747'><div class='entry-content-wrapper clearfix'>\n\n<style type=\"text\/css\" data-created_by=\"avia_inline_auto\" id=\"style-css-av-jq7w8ldb-5695a24f80bb93a644df8365d96d63be\">\n#top .hr.hr-invisible.av-jq7w8ldb-5695a24f80bb93a644df8365d96d63be{\nmargin-top:-100px;\nheight:1px;\n}\n<\/style>\n<div  class='hr av-jq7w8ldb-5695a24f80bb93a644df8365d96d63be hr-invisible  avia-builder-el-1  el_before_av_textblock  avia-builder-el-first '><span class='hr-inner '><span class=\"hr-inner-style\"><\/span><\/span><\/div>\n\n<style type=\"text\/css\" data-created_by=\"avia_inline_auto\" id=\"style-css-av-jq7w4hq6-7fbb31e7df6476a2aae4907afb94c698\">\n#top .av_textblock_section.av-jq7w4hq6-7fbb31e7df6476a2aae4907afb94c698 .avia_textblock{\ncolor:#ffffff;\n}\n<\/style>\n<section  class='av_textblock_section av-jq7w4hq6-7fbb31e7df6476a2aae4907afb94c698 '   itemscope=\"itemscope\" itemtype=\"https:\/\/schema.org\/CreativeWork\" ><div class='avia_textblock headingPicture av_inherit_color'  itemprop=\"text\" ><h1>Heizk\u00f6rper<span style=\"color: #fdcf00;\">\/<\/span>kleinere Sanierungsarbeiten<\/h1>\n<\/div><\/section>\n\n<style type=\"text\/css\" data-created_by=\"avia_inline_auto\" id=\"style-css-av-jq7w4hq6-8b97cfa30aaf10d07640638bd99e90de\">\n#top .av_textblock_section.av-jq7w4hq6-8b97cfa30aaf10d07640638bd99e90de .avia_textblock{\ncolor:#ffffff;\n}\n<\/style>\n<section  class='av_textblock_section av-jq7w4hq6-8b97cfa30aaf10d07640638bd99e90de '   itemscope=\"itemscope\" itemtype=\"https:\/\/schema.org\/CreativeWork\" ><div class='avia_textblock textoverPicture av_inherit_color'  itemprop=\"text\" ><h3>Egal ob Neubau oder Bestand &#8211; wir machen das<\/h3>\n<\/div><\/section>\n<\/div><\/div><\/main><!-- close content main element --><\/div><\/div>\n<style type=\"text\/css\" data-created_by=\"avia_inline_auto\" id=\"style-css-av-jq7vwz88-f0639868d5e8789fa0cf829cddd008cc\">\n.avia-section.av-jq7vwz88-f0639868d5e8789fa0cf829cddd008cc .av-parallax .av-parallax-inner{\nbackground-repeat:no-repeat;\nbackground-image:url(https:\/\/ziegeler-solar.de\/wp-content\/uploads\/2019\/01\/elcore-solvis-1030x863.jpg);\nbackground-position:50% 50%;\nbackground-attachment:scroll;\n}\n<\/style>\n<div id='av_section_2'  class='avia-section av-jq7vwz88-f0639868d5e8789fa0cf829cddd008cc main_color avia-section-no-padding avia-no-border-styling  avia-builder-el-4  el_after_av_section  el_before_av_hr  av-desktop-hide av-parallax-section avia-bg-style-parallax av-minimum-height av-minimum-height-50 av-height-50  container_wrap fullsize'  data-section-bg-repeat='no-repeat' data-av_minimum_height_pc='50' data-av_min_height_opt='50'><div class='av-parallax' data-avia-parallax-ratio='0.3' ><div class='av-parallax-inner main_color avia-full-stretch'><\/div><\/div><div class='container av-section-cont-open' ><div class='template-page content  av-content-full alpha units'><div class='post-entry post-entry-type-page post-entry-3747'><div class='entry-content-wrapper clearfix'>\n\n<style type=\"text\/css\" data-created_by=\"avia_inline_auto\" id=\"style-css-av-jq7w4hq6-7fbb31e7df6476a2aae4907afb94c698\">\n#top .av_textblock_section.av-jq7w4hq6-7fbb31e7df6476a2aae4907afb94c698 .avia_textblock{\ncolor:#ffffff;\n}\n<\/style>\n<section  class='av_textblock_section av-jq7w4hq6-7fbb31e7df6476a2aae4907afb94c698 '   itemscope=\"itemscope\" itemtype=\"https:\/\/schema.org\/CreativeWork\" ><div class='avia_textblock headingPicture av_inherit_color'  itemprop=\"text\" ><h2>Heizk\u00f6rper<span style=\"color: #fdcf00;\">\/<\/span>kleinere Sanierungsarbeiten<\/h2>\n<\/div><\/section>\n\n<style type=\"text\/css\" data-created_by=\"avia_inline_auto\" id=\"style-css-av-jq7w4hq6-8b97cfa30aaf10d07640638bd99e90de\">\n#top .av_textblock_section.av-jq7w4hq6-8b97cfa30aaf10d07640638bd99e90de .avia_textblock{\ncolor:#ffffff;\n}\n<\/style>\n<section  class='av_textblock_section av-jq7w4hq6-8b97cfa30aaf10d07640638bd99e90de '   itemscope=\"itemscope\" itemtype=\"https:\/\/schema.org\/CreativeWork\" ><div class='avia_textblock textoverPicture av_inherit_color'  itemprop=\"text\" ><h3>Egal ob Neubau oder Bestand &#8211; wir machen das<\/h3>\n<\/div><\/section>\n<\/div><\/div><\/div><!-- close content main div --><\/div><\/div><div id='after_section_2'  class='main_color av_default_container_wrap container_wrap fullsize'  ><div class='container av-section-cont-open' ><div class='template-page content  av-content-full alpha units'><div class='post-entry post-entry-type-page post-entry-3747'><div class='entry-content-wrapper clearfix'>\n<style type=\"text\/css\" data-created_by=\"avia_inline_auto\" id=\"style-css-av-jq7r55ic-a263ce80fb57f3706438dcb986dea52a\">\n#top .hr.hr-invisible.av-jq7r55ic-a263ce80fb57f3706438dcb986dea52a{\nheight:100px;\n}\n<\/style>\n<div  class='hr av-jq7r55ic-a263ce80fb57f3706438dcb986dea52a hr-invisible  avia-builder-el-7  el_after_av_section  el_before_av_hr  avia-builder-el-first  av-medium-hide av-small-hide av-mini-hide'><span class='hr-inner '><span class=\"hr-inner-style\"><\/span><\/span><\/div><\/p>\n\n<style type=\"text\/css\" data-created_by=\"avia_inline_auto\" id=\"style-css-av-jq7r55ic-69ef630ab7b4a83044be3dfee70bc28f\">\n#top .hr.hr-invisible.av-jq7r55ic-69ef630ab7b4a83044be3dfee70bc28f{\nheight:25px;\n}\n<\/style>\n<div  class='hr av-jq7r55ic-69ef630ab7b4a83044be3dfee70bc28f hr-invisible  avia-builder-el-8  el_after_av_hr  el_before_av_one_full  av-desktop-hide'><span class='hr-inner '><span class=\"hr-inner-style\"><\/span><\/span><\/div>\n\n<style type=\"text\/css\" data-created_by=\"avia_inline_auto\" id=\"style-css-av-egu0vk-ecb1093170336e0d1b4a99b440e29039\">\n.flex_column.av-egu0vk-ecb1093170336e0d1b4a99b440e29039{\nborder-radius:0px 0px 0px 0px;\npadding:0px 0px 0px 0px;\n}\n<\/style>\n<div  class='flex_column av-egu0vk-ecb1093170336e0d1b4a99b440e29039 av_one_full  avia-builder-el-9  el_after_av_hr  el_before_av_hr  first flex_column_div av-zero-column-padding  '     ><p>\n<style type=\"text\/css\" data-created_by=\"avia_inline_auto\" id=\"style-css-av-kmg1qtg7-3da72eb8faa251b14093f9b8f03a57cf\">\n#top .av-special-heading.av-kmg1qtg7-3da72eb8faa251b14093f9b8f03a57cf{\npadding-bottom:10px;\n}\nbody .av-special-heading.av-kmg1qtg7-3da72eb8faa251b14093f9b8f03a57cf .av-special-heading-tag .heading-char{\nfont-size:25px;\n}\n.av-special-heading.av-kmg1qtg7-3da72eb8faa251b14093f9b8f03a57cf .av-subheading{\nfont-size:15px;\n}\n<\/style>\n<div  class='av-special-heading av-kmg1qtg7-3da72eb8faa251b14093f9b8f03a57cf av-special-heading-h1 blockquote modern-quote  avia-builder-el-10  el_before_av_heading  avia-builder-el-first  av-small-hide av-mini-hide'><h1 class='av-special-heading-tag '  itemprop=\"headline\"  >Heizk\u00f6rper<span style=\"color: #fdcf00;\">\/<\/span>kleinere Sanierungsarbeiten<\/h1><div class=\"special-heading-border\"><div class=\"special-heading-inner-border\"><\/div><\/div><\/div><br \/>\n\n<style type=\"text\/css\" data-created_by=\"avia_inline_auto\" id=\"style-css-av-kmg1qx1u-54a57e66972d9657fc6fa5024826b9a7\">\n#top .av-special-heading.av-kmg1qx1u-54a57e66972d9657fc6fa5024826b9a7{\npadding-bottom:10px;\n}\nbody .av-special-heading.av-kmg1qx1u-54a57e66972d9657fc6fa5024826b9a7 .av-special-heading-tag .heading-char{\nfont-size:25px;\n}\n.av-special-heading.av-kmg1qx1u-54a57e66972d9657fc6fa5024826b9a7 .av-subheading{\nfont-size:15px;\n}\n<\/style>\n<div  class='av-special-heading av-kmg1qx1u-54a57e66972d9657fc6fa5024826b9a7 av-special-heading-h2 blockquote modern-quote  avia-builder-el-11  el_after_av_heading  avia-builder-el-last  av-desktop-hide av-medium-hide'><h2 class='av-special-heading-tag '  itemprop=\"headline\"  >Heizk\u00f6rper<span style=\"color: #fdcf00;\">\/<\/span>kleinere Sanierungsarbeiten<\/h2><div class=\"special-heading-border\"><div class=\"special-heading-inner-border\"><\/div><\/div><\/div><\/p><\/div>\n<style type=\"text\/css\" data-created_by=\"avia_inline_auto\" id=\"style-css-av-jq7r55ic-7702b14b3d4efab826af80bcd9a43a9f\">\n#top .hr.hr-invisible.av-jq7r55ic-7702b14b3d4efab826af80bcd9a43a9f{\nheight:50px;\n}\n<\/style>\n<div  class='hr av-jq7r55ic-7702b14b3d4efab826af80bcd9a43a9f hr-invisible  avia-builder-el-12  el_after_av_one_full  el_before_av_one_full  av-medium-hide av-small-hide av-mini-hide'><span class='hr-inner '><span class=\"hr-inner-style\"><\/span><\/span><\/div><\/p>\n\n<style type=\"text\/css\" data-created_by=\"avia_inline_auto\" id=\"style-css-av-cn8hg0-ebff9b3996e2cffec1f6e70f69324c8d\">\n.flex_column.av-cn8hg0-ebff9b3996e2cffec1f6e70f69324c8d{\nborder-radius:0px 0px 0px 0px;\npadding:0px 0px 0px 0px;\n}\n<\/style>\n<div  class='flex_column av-cn8hg0-ebff9b3996e2cffec1f6e70f69324c8d av_one_full  avia-builder-el-13  el_after_av_hr  el_before_av_hr  first av-break-at-tablet flex_column_div av-zero-column-padding  '     ><section  class='av_textblock_section av-jq7r84kf-b36216ecbf8cf34c461eea0125a44fb7 '   itemscope=\"itemscope\" itemtype=\"https:\/\/schema.org\/CreativeWork\" ><div class='avia_textblock'  itemprop=\"text\" ><p>Auch im Bereich Heizk\u00f6rpersanierung sind wir t\u00e4tig. Wenn Sie also vorhaben Ihre Heizk\u00f6rper zu sanieren oder \u00c4nderungen vorzunehmen sind wir auch hier gerne Ihr Ansprechpartner.<\/p>\n<p>Weiter sind wir in dem Bereich Sanit\u00e4r auch gerne f\u00fcr Sie da, wenn es um kleine Arbeiten geht wie Armaturentausch oder Objekte die erneuert werden sollen. Wenn es um gr\u00f6\u00dfere Sanit\u00e4rarbeiten geht melden Sie sich bitte bei uns im B\u00fcro und erl\u00e4utern uns Ihr Vorhaben. Da wir nur ein kleines Unternehmen sind und haupts\u00e4chlich im Heizungsbereich unterwegs sind muss dies aus Gr\u00fcnden unserer Kapazit\u00e4ten im Vorfeld besprochen werden.<\/p>\n<\/div><\/section><\/div>\n<style type=\"text\/css\" data-created_by=\"avia_inline_auto\" id=\"style-css-av-jq7r55ic-a263ce80fb57f3706438dcb986dea52a\">\n#top .hr.hr-invisible.av-jq7r55ic-a263ce80fb57f3706438dcb986dea52a{\nheight:100px;\n}\n<\/style>\n<div  class='hr av-jq7r55ic-a263ce80fb57f3706438dcb986dea52a hr-invisible  avia-builder-el-15  el_after_av_one_full  avia-builder-el-last  av-medium-hide av-small-hide av-mini-hide'><span class='hr-inner '><span class=\"hr-inner-style\"><\/span><\/span><\/div><\/p>\n","protected":false},"excerpt":{"rendered":"","protected":false},"author":1,"featured_media":0,"parent":0,"menu_order":0,"comment_status":"closed","ping_status":"closed","template":"","meta":{"footnotes":""},"class_list":["post-3747","page","type-page","status-publish","hentry"],"_links":{"self":[{"href":"https:\/\/ziegeler-solar.de\/index.php\/wp-json\/wp\/v2\/pages\/3747","targetHints":{"allow":["GET"]}}],"collection":[{"href":"https:\/\/ziegeler-solar.de\/index.php\/wp-json\/wp\/v2\/pages"}],"about":[{"href":"https:\/\/ziegeler-solar.de\/index.php\/wp-json\/wp\/v2\/types\/page"}],"author":[{"embeddable":true,"href":"https:\/\/ziegeler-solar.de\/index.php\/wp-json\/wp\/v2\/users\/1"}],"replies":[{"embeddable":true,"href":"https:\/\/ziegeler-solar.de\/index.php\/wp-json\/wp\/v2\/comments?post=3747"}],"version-history":[{"count":1,"href":"https:\/\/ziegeler-solar.de\/index.php\/wp-json\/wp\/v2\/pages\/3747\/revisions"}],"predecessor-version":[{"id":3748,"href":"https:\/\/ziegeler-solar.de\/index.php\/wp-json\/wp\/v2\/pages\/3747\/revisions\/3748"}],"wp:attachment":[{"href":"https:\/\/ziegeler-solar.de\/index.php\/wp-json\/wp\/v2\/media?parent=3747"}],"curies":[{"name":"wp","href":"https:\/\/api.w.org\/{rel}","templated":true}]}}